t**2 - 55*t**2 - 10*t - 49*t**2. Suppose -8 = 5*o + 3*y - 68, 2*y - 10 = 0. Give s(o).
0
Suppose -3*u = -4*o + 17, -4*o + 6*u - 5*u + 11 = 0. Let i(m) = -m**2 - m + 1. Let k(z) = -9*z**2 + z + 2. Let n(y) = o*i(y) - k(y). What is n(2)?
22
Let r(j) be the second derivative of -1/12*j**4 + 0*j**3 + 0 + j + 7/20*j**5 + 1/2*j**2. Let x be (-5)/(-2) - 2 - (-3)/(-2). Determine r(x).
-7
Suppose -3*q + 8 = 5*y - 4, 3*y - 12 = 3*q. Let r(l) = l**2 + 4*l - 3. Let h(s) = -s**2 - 5*s + 4. Let d(w) = 3*h(w) + 4*r(w). Determine d(y).
12
Let j(v) = v**2 - 17*v + 14. Let h be -5*((-224)/280)/(2/7). What is j(h)?
-28
Let t(f) = f**3 + 6*f**2 - 7*f - 1. Let l be ((-3)/2)/((-27)/468). Let m = l + -28. Let h be ((-182)/39)/(m/(-3)). Calculate t(h).
-1
Let n(o) = 3*o + 2*o**3 + 4*o**2 + 0*o**2 - o**3 + 0*o**3. Let b(p) = p**3 + 8*p**2 - 8*p + 5. Let m be b(-9). Give n(m).
-12
Let d(x) = -x**3 - 2*x**2 - x + 7. Let f(n) = -n**3 - n**2 + 6. Let j(t) = -4*d(t) + 5*f(t). Let m be -3*((-572)/33 - -16). Determine j(m).
2
Suppose -v + 62 - 63 = 0. Let y(g) = -3*g**3. Give y(v).
3
Suppose -8*y + 5*y + 30 = 0. Let a = y - 7. Let f(s) = 28*s - s**3 - 64*s + 5*s**2 + 32*s. Give f(a).
6
Let u(l) be the second derivative of 24*l + 1/2*l**2 + 0 - 1/3*l**3 - 1/20*l**5 + 1/6*l**4. What is u(2)?
-3
Let f(i) = 8*i**2 - i - 1. Let c be 48/(-20) + 2/5. Give f(c).
33
Let w(r) = -2*r + 4 + 1024*r**3 + 3*r**2 - 512*r**3 - 513*r**3. Let a = -5 - -8. Determine w(a).
-2
Suppose -19 = a - 18. Let f(t) be the first derivative of 8*t**3/3 + t**2/2 + t - 1. What is f(a)?
8
Let l(j) = 23*j + 0 - 19*j - 6. Give l(-5).
-26
Suppose 7*d + 24 - 24 = 0. Let h(n) = -n**3 - n**2 + n. Calculate h(d).
0
Let x(y) be the third derivative of -23*y**5/30 + y**4/24 - y**2. Determine x(-1).
-47
Let j(g) = 13*g**2 - 7*g - 10. Let c(m) = 4*m - 35*m**2 + 15*m**2 + 13*m**2 + 5. Let y(n) = 11*c(n) + 6*j(n). What is y(-4)?
3
Let m(j) = 3*j**2 + 8*j - 1. Let u(h) = -h**2 + 2. Let y(l) = m(l) + 2*u(l). Calculate y(-8).
3
Let x(l) = l**3 - 6*l**2 + l + 1. Let a(i) = 3*i - i - 1 - 4*i + 7*i**2 - 2*i**3. Let r(m) = -2*a(m) - 3*x(m). What is r(-2)?
5
Let c(x) = 7*x - 1. Let a = 13 - 13. Suppose -2*l - 2 = j + 2, -l + 1 = a. Let h be (-2)/(-6) - 4/j. Give c(h).
6
Suppose -4*t + 4*y + 20 + 36 = 0, -46 = -4*t + 2*y. Let f(l) = -l + 12. Let d be f(t). Let n be -1 + d - 1 - 4. Let g(o) = -o**2 - 2*o. Determine g(n).
-3
Let g(n) = 3*n**2 + 3*n + 1. Let o(c) = c**2 + 2*c. Let q(r) = -2*g(r) + 5*o(r). Give q(2).
2
Let x(a) = -4*a + 2. Let f(t) = 21*t. Let w(p) = f(p) + 6*x(p). Determine w(6).
-6
Let v(s) = -2*s - 9. Let m be v(-5). Suppose 0 = -5*x - l + 17, -3*l + 3 = -x - 0. Let b(g) = -4 + x + 11*g - 7*g. Determine b(m).
3
Let k(z) be the third derivative of z**5/30 - z**4/4 + 3*z**2 + 19*z. Let x(i) = i + 1. Let y be x(3). Calculate k(y).
8
Suppose c + 0*c = 2. Suppose -l - 4*l - 3*q = -6, c*q = 4. Let t(h) = 2*h - 11*h + l + h**2 + 4. Give t(7).
-10
Let y(x) = 13*x + 30*x**2 - 13*x - 34*x**2. Give y(-2).
-16
Let q(z) be the second derivative of z**4/12 - 7*z**3/6 - 5*z**2/2 + 352*z + 2. Calculate q(6).
-11
Let p(o) = -o**2 + 2*o + 1. Suppose -2*k - 16 = -6*k. Suppose -k*b + 6*v - 28 = v, -5*v = b - 18. What is p(b)?
-7
Let i(b) = b + 1. Let d(p) = 2. Let o(v) = -2. Let c(h) = -5*d(h) - 6*o(h). Let n(s) = -2*c(s) + 2*i(s). Give n(-2).
-6
Let h(y) = 6*y - 16*y + 12*y - 201 + 399 - 205. Determine h(-15).
-37
Let i(l) be the third derivative of -l**4/24 - l**3 - 21*l**2 + 3*l. Calculate i(-7).
1
Suppose 3*i = -o + 4, 14*o + 18 = i + 11*o. Let a(q) = -q - 11. What is a(i)?
-14
Let z(q) = -5*q + 15 + q**3 + 2*q**2 - 13 + q**2. Suppose a + 4*a = 25. Suppose -a*f - 10 - 10 = 0. Give z(f).
6
Let b(u) = u**2 + u + 1. Let l(v) = 4*v**2 + 12*v. Let m(d) = 5*b(d) - l(d). Let s be 10*((-165)/(-6))/5. Suppose -14 + 5 = x - 3*f, 5*x = -5*f + s. Give m(x).
-1
Let c be -3 - (4 + -4 + 0). Let v be -1 - (c + 4)*-13. Suppose 2*w = -k + v, -4*w + 41 = w - 3*k. Let s(u) = u**3 - 6*u**2 - 8*u + 4. Calculate s(w).
-3
Let i be (-24)/2*(3 + (-44)/12). Suppose i = 5*o - 4*o. Let y(d) = -d + 4. Determine y(o).
-4
Let j = 60 - 34. Let r = j + -18. Let s(p) = 10*p - 15. Let a(q) = -3*q + 5. Let v(h) = 14*a(h) + 4*s(h). Calculate v(r).
-6
Let w(v) = 3*v - 5*v**2 + 2*v**3 + 4*v - 3*v**3 + 3 - 2. Suppose b = 3*s + 4, -5*s + 9 + 11 = 5*b. Let i be (-12 + 0)*2/b. Determine w(i).
-5
Let h = 31/2 - 15. Let b(g) be the third derivative of -h*g**3 - 2*g**2 + 0 + 0*g + 1/24*g**4. Give b(4).
1
Suppose -7*s = -8*s + 2. Let i(m) = 32 - 2*m**3 - 27 + 6*m**s - 3*m - m**2 + m**3. Let n(q) = -2*q - 15. Let t be n(-10). Determine i(t).
-10
Let q(s) = s**3 - 10*s**2 + 23*s + 1. Suppose -12*l - 108 = -30*l. Determine q(l).
-5
Let k(w) = w**3 - 5*w**2 + 5*w - 6. Let n(q) = -q - 12. Let d be n(-5). Let f(u) = -2*u**2 - 16*u - 10. Let a be f(d). Calculate k(a).
-2
Let k = 2237 - 2231. Let q(d) = -6*d + 6. Give q(k).
-30
Let d be (-9)/2*(-8)/(-6). Let q(r) = r**3 + 55*r + 2*r**2 + 48*r - 105*r - 2 + 4*r**2. What is q(d)?
10
Let q be (-49)/(-14) - 3/(-2). Let y(r) = -r**3 + 4*r**2 + 2*r - 5. Let z be y(4). Suppose -7 = -z*o + q. Let m(s) = -s**3 + 4*s**2 - s + 2. Calculate m(o).
-2
Let y(p) = -91*p - 2*p**3 + 3*p**3 - 6*p**2 + 95*p. What is y(6)?
24
Let y = 510 - 511. Let h(f) = 2*f - 6. What is h(y)?
-8
Let o(t) = -203 + 406 - 204. Let z(m) = -m + 6. Let l(x) = -2*o(x) - z(x). Calculate l(3).
-1
Let z be (5 - 3) + (-2 - -1)*-5. Let r(d) = -d**2 + 7*d - 10. Let l(m) = 23*m + 0*m**2 + 4*m - 41 - 4*m**2. Let c(t) = 2*l(t) - 9*r(t). Give c(z).
-6
Let f(c) = -14*c - c**2 - 20 + 5 + 6. Let q be f(-12). Suppose 16*g + q = 19*g. Let x(t) = -t**2 + 7*t - 7. What is x(g)?
3
Let k = -368 + 360. Suppose 4*b + 4*n - 1 = 7, n + 1 = 2*b. Let r(f) = 7 + b + 9*f + 0 + f**3 + 9*f**2. Calculate r(k).
0
Let u(b) = b**2 - 6*b - 12. Let p(s) = -19*s + 312. Let w be p(16). Give u(w).
4
Let m(r) = -4*r - 24. Let l = -470 - -461. Give m(l).
12
Let f(u) = 9 - u + 5 - 4 - 13. Determine f(0).
-3
Suppose -4*q - 36 = -4*o, 2*o - 4*q = 6*o + 4. Let h(j) = -j**3 + 3*j**2 + 3*j + 5. Determine h(o).
1
Let o(d) be the second derivative of -d**3/6 + 4*d**2 + 10*d. Suppose 39 = 2*v + v. Suppose -11 - v = -4*w. Give o(w).
2
Suppose 2*v + 8 = 2. Let f(i) = -i + 1. Let z(r) = -2 + 11*r**2 - 4*r**2 + 6*r - 8*r**2. Let g(j) = -6*f(j) - z(j). Give g(v).
5
Let b(l) = -2*l**2 + 5*l - 2. Let a(j) = j**3 + 7*j**2 + 7*j + 9. Let y = 88 + -94. Let g be a(y). Calculate b(g).
-5
Let a = 13 - 8. Suppose 5 = a*v - 10. Let n(j) = j**2 + 4*j - 4. Let y(z) = -2*z**2 - 5*z + 5. Let p(o) = -3*n(o) - 2*y(o). What is p(v)?
5
Let z(m) = m - 1. Let o = 963 - 968. Determine z(o).
-6
Let g(v) = 3*v - 1. Let z = -8 - -28. Suppose -4*r + 36 = -2*l, 0 = -5*r - 5*l + 6 + 39. Suppose -2*i - z = 3*i - 5*d, -2*d + r = -i. What is g(i)?
2
Suppose -2*o = -16 - 24. Suppose -2*d + o = -5*a, d - 4 = a - d. Let p(j) = 19453 - 19458 - 4*j + 2*j. Calculate p(a).
3
Let r(w) be the third derivative of 0*w - 5/24*w**4 - 4*w**2 + 1/2*w**3 + 0. Determine r(4).
-17
Suppose -10*d = -11*d + 2. Let s(u) = 4*u + 12*u**2 - 13*u**d + 0*u. Let m = 5 + -2. What is s(m)?
3
Let a(s) = s**3 + s**2 - 1. Let n(o) = -9*o**3 + 4*o**2 - 5. Let u(r) = 6*a(r) - n(r). Suppose -3*t = -11*t - 8. Give u(t).
-14
Let x = -45 - -49. Suppose -5*q + 22 = -3*d, x*d + 15 + 11 = 5*q. Let l(i) = i**2 + 3*i. Calculate l(d).
4
Let i(k) = -3*k + 29. Let q = 298 + -286. Give i(q).
-7
Let u(t) = -12*t**2 - 9*t + 4 + 5 + t**3 - 13 + 4*t**2. Calculate u(9).
-4
Let i(s) = s - 7. Let n = 10 + -3. Let u be i(n). Let a(p) = -1 + p + u*p**3 - 2*p**2 - 4*p + p - p**3. Give a(-1).
0
Let c(n) = 13*n**2 + 1. Suppose 18*y - 5 = -59. Suppose 4*w + 0 = -4. Let k be 3/(y/w) - 0. What is c(k)?
14
Suppose -30 = -3*r + 5*v, 5*r - 4*v + v - 34 = 0. Let p(g) = -3*g + 6. Let l(w) = 2*w - 5. Let h(a) = r*l(a) + 4*p(a). What is h(-2)?
3
Let d(m) = -22*m - 41. Let w be d(-2). Let q(c) = -7*c + 5. Give q(w).
-16
Let k(p) = -3*p + 16. Let x = -158 + 169. What is k(x)?
-17
Let o(w) = w - 9. Suppose -176 = -49*h - 29. Calculate o(h).
-6
Let n(u) = 3*u**3 + u. Let w be n(2). Let r be w/10 + 18/(-30). Let d(i) = 1 + r*i + 1 - 2. What is d(-2)?
-4
Let c(m) be the second derivative of m**3/6 + m**2 - m. Suppose -2*h + 138 =